sor of 4800 and 702120.
120
What is the highest common divisor of 410911179 and 87?
87
Calculate the greatest common factor of 9620835 and 15045.
885
What is the highest common divisor of 3655 and 238471937?
731
Calculate the greatest common divisor of 15 and 986815.
5
What is the greatest common divisor of 35720 and 1996560?
1880
What is the greatest common divisor of 738 and 25871?
41
Calculate the highest common divisor of 989 and 58867946.
43
What is the highest common divisor of 2793 and 533729?
133
What is the greatest common divisor of 427896240 and 320?
80
What is the greatest common divisor of 5219952 and 520?
8
Calculate the highest common divisor of 477 and 751005.
9
What is the highest common factor of 1038488 and 396?
44
Calculate the greatest common factor of 2585 and 1706683.
11
Calculate the highest common factor of 163001905 and 22.
11
What is the highest common factor of 1208651978 and 10734?
3578
Calculate the highest common divisor of 1449024175 and 8425.
8425
Calculate the highest common factor of 240 and 71572785.
15
What is the greatest common factor of 418013 and 320059?
1139
What is the greatest common factor of 198 and 2686626?
18
Calculate the highest common divisor of 5484461 and 6357.
163
What is the greatest common divisor of 5508 and 82356?
12
What is the highest common divisor of 25929 and 53859960?
603
Calculate the greatest common divisor of 138 and 28898511.
69
Calculate the highest common divisor of 1579182 and 258816.
2022
Calculate the highest common factor of 2122651 and 21329.
277
What is the highest common divisor of 417536 and 7381906?
3262
What is the greatest common divisor of 4033738 and 72922?
3838
Calculate the highest common factor of 2072 and 5648864.
296
Calculate the greatest common divisor of 12213261 and 1539.
81
What is the highest common divisor of 6272 and 52848?
16
Calculate the highest common factor of 48302243 and 603.
67
What is the highest common divisor of 103761 and 60024?
183
Calculate the greatest common factor of 470040 and 690.
30
Calculate the greatest common factor of 243 and 18987372.
81
What is the greatest common divisor of 963216 and 17424?
144
What is the greatest common divisor of 91 and 5482088339?
91
Calculate the highest common divisor of 2192 and 32220208.
2192
What is the highest common factor of 94 and 26662066?
94
Calculate the greatest common divisor of 8411040 and 649.
649
Calculate the greatest common divisor of 2755776 and 13392.
1488
Calculate the greatest common divisor of 1060 and 949360.
20
Calculate the greatest common factor of 936616 and 2332.
212
What is the greatest common divisor of 715 and 2098822440?
715
What is the highest common factor of 216 and 1997248?
8
What is the greatest common divisor of 2469186266 and 22228?
11114
What is the highest common factor of 2783 and 16188964?
253
Calculate the greatest common factor of 31173925 and 3525.
1175
Calculate the greatest common divisor of 909429859 and 23673.
7891
What is the greatest common factor of 1055060032 and 52?
52
Calculate the highest common divisor of 424075542 and 9636.
4818
What is the highest common factor of 89461 and 1411237?
137
Calculate the greatest common divisor of 984485 and 81225.
95
What is the highest common divisor of 3740974 and 101594?
1286
What is the highest common factor of 36 and 470873322?
18
Calculate the greatest common divisor of 79 and 294618966.
79
Calculate the highest common factor of 343447938 and 2916.
1458
Calculate the greatest common factor of 300 and 13428100.
100
Calculate the greatest common divisor of 9696 and 430022448.
4848
What is the highest common factor of 16324308 and 106106?
2002
Calculate the highest common divisor of 14183535 and 4380.
1095
What is the highest common divisor of 1117144444 and 701?
701
What is the highest common factor of 226 and 14589091?
113
What is the greatest common divisor of 4317342066 and 4182?
4182
What is the highest common divisor of 51748983 and 286?
143
Calculate the greatest common factor of 147497 and 214130.
133
What is the highest common factor of 204485622 and 6018?
6018
Calculate the highest common divisor of 108 and 535169889.
27
Calculate the greatest common factor of 3 and 9250509.
3
Calculate the greatest common divisor of 39597 and 889023.
201
What is the highest common factor of 248541520 and 80?
80
What is the greatest common factor of 60886 and 60158?
14
Calculate the highest common divisor of 21403206 and 45.
9
Calculate the greatest common factor of 757853906 and 74.
74
What is the highest common divisor of 70569 and 57150?
9
What is the greatest common factor of 83868 and 26709?
87
What is the greatest common divisor of 50256 and 136240?
16
Calculate the highest common factor of 10 and 118836315.
5
What is the highest common factor of 14940809 and 97955?
1781
What is the greatest common factor of 385905 and 2019615?
195
What is the greatest common divisor of 85808 and 27648?
16
What is the greatest common divisor of 69160744 and 104?
8
What is the greatest common factor of 34309708 and 292?
292
Calculate the highest common factor of 99954 and 81486.
162
What is the greatest common factor of 159127094 and 212?
106
Calculate the highest common divisor of 728 and 33584928.
104
Calculate the greatest common divisor of 22618206 and 1872.
234
Calculate the highest common factor of 5248 and 14934496.
1312
What is the greatest common factor of 356 and 435332?
4
Calculate the highest common factor of 164972609 and 183.
61
Calculate the highest common factor of 494 and 6881706.
26
Calculate the highest common factor of 3070556 and 57572.
148
Calculate the greatest common factor of 442 and 147570098.
442
What is the highest common factor of 671 and 13949785?
61
What is the greatest common divisor of 746461 and 193191?
907
What is the greatest common divisor of 169240600 and 1045?
95
What is the highest common divisor of 40622 and 6821?
19
Calculate the greatest common factor of 9954 and 354844.
14
What is the highest common divisor of 5318808 and 165?
33
What is the highest common factor of 34172 and 1604?
4
Calculate the highest common divisor of 722 and 308798317.
361
Calculate the highest common divisor of 256 and 123247488.
128
Calculate the greatest common factor of 59839 and 1072499.
4603
What is the greatest common divisor of 1747600 and 4488?
136
Calculate the highest common divisor of 219684891 and 138.
69
What is the highest common factor of 2589036 and 1152?
12
Calculate the highest common factor of 756047754 and 1078.
1078
What is the highest common divisor of 4446039 and 201?
3
What is the greatest common factor of 137680788 and 5711?
5711
What is the highest common divisor of 2523748 and 28?
4
Calculate the highest common factor of 58 and 98515001.
29
Calculate the greatest common divisor of 17270466 and 284.
142
What is the greatest common factor of 288 and 11415392?
32
Calculate the greatest common factor of 2635011 and 2025.
81
What is the highest common factor of 1956 and 2995125978?
978
What is the highest common factor of 90250 and 3440330?
3610
What is the greatest common divisor of 24570 and 40776645?
1365
What is the greatest common divisor of 32272 and 195512?
8
What is the greatest common factor of 47913784 and 92?
92
Calculate the highest common factor of 63869 and 444951.
13
What is the greatest common factor of 296 and 18756928?
296
Calculate the greatest common factor of 17181 and 12091689.
747
What is the highest common divisor of 22 and 216154147?
11
Calculate the greatest common factor of 347516 and 1933724.
2132
Calculate the greatest common factor of 3839 and 23941051.
349
Calculate the highest common factor of 1874510 and 176.
22
What is the highest common divisor of 6434820 and 46620?
1260
Calculate the highest common factor of 6924 and 542955846.
3462
What is the highest common factor of 892734 and 15846?
114
Calculate the highest common divisor of 44555388 and 12.
12
Calculate the highest common factor of 5057925 and 311100.
1275
Calculate the greatest common divisor of 189 and 18847962.
63
Calculate the highest common factor of 68039972 and 8008.
4004
Calculate the greatest common divisor of 266319208 and 23.
23
What is the greatest common factor of 18691212 and 4